uppose -2*a = -3*j, -5*a + 11 = -0*j - 2*j. Suppose -q = -2*d - 129 - 4974, -j*d = 8. Is q prime?
False
Suppose -2*b = 5*k - 1426, -3*b - k + 2156 = -2*k. Suppose 1457 = 2*x - 5*c + 2*c, 5*c = x - b. Is x a composite number?
False
Let f(x) = 6*x**2 - 6*x + 41. Let y(q) = -3*q**2 + 3*q - 21. Let z(a) = 3*f(a) + 7*y(a). Let k be z(8). Let c = -115 - k. Is c a prime number?
False
Let f = 14 - 11. Suppose 3*g + 2*q = 5*q + 12, 4 = f*g - q. Suppose 2*o + g*o - 26 = 0. Is o prime?
True
Let m(a) = -79*a - 7. Suppose 2*k = -8, k + 8 = 2*n - 3*k. Let d be n/(-12) + (-38)/6. Is m(d) prime?
True
Let m be 0/((-1 - -1) + 2). Suppose m = 41*f - 34*f - 14021. Is f prime?
True
Suppose -5*n + 3*n - 4*y + 48 = 0, -2*n = 5*y - 47. Let q = -38 + n. Let j = 37 + q. Is j composite?
True
Let a(z) = -3651*z**3 + 6*z**2 + 4*z - 3. Is a(-2) a composite number?
False
Suppose -3*u + 2*n + 12778 = 0, 4*n + 4 + 4 = 0. Is u a prime number?
False
Let t(d) = d + 7. Let k be t(-2). Suppose k*a + 3126 = 11*a. Is a composite?
False
Is (-20224)/(-5) + 21/105 prime?
False
Let w = -2661 - -7504. Is w a composite number?
True
Suppose 42*r - 67730 - 887896 = 0. Is r composite?
True
Let p = 143 + -75. Suppose 0 = i - 811 - p. Is i a composite number?
True
Is (-252175)/(-50) - (-6)/4 prime?
False
Suppose -2*d = -b - 130, 2*b + 5*d + 390 = -b. Let n be (1 + 38)*b/(-15). Let k = -241 + n. Is k a prime number?
True
Let g(z) = 492*z**2 - 1. Let o be (1/6)/((-6)/(-36)). Is g(o) a composite number?
False
Suppose -3*u + 9581 = -4*r, -9*u + 5*r = -10*u + 3181. Is u composite?
False
Let x(k) = -461*k**3 - 3*k**2 + k + 3. Is x(-2) composite?
False
Let w(q) = 5*q**2 - 27*q - 15. Is w(22) a prime number?
True
Let v(a) = 26*a**3 + 4*a**2 - 5*a - 7. Let m be v(3). Let k be -1*1/1 - -12. Suppose 7*x + m = k*x. Is x a composite number?
False
Let w(a) = 3691*a**3 + a**2 - 2*a. Let l be w(1). Suppose 2797 + l = 13*u. Is u composite?
False
Is -7 - (3692620 + 4)/(-13) a composite number?
False
Let k = -1 - -5. Suppose -3*n - 2*r = -3, -k*r = -3*r. Is -6 - -134 - (0 + n) a composite number?
False
Suppose 4*x - 219016 = 4*b, -7*x = -8*x - b + 54748. Is x prime?
True
Let m = 726 + -45. Suppose 5*x + 3*v = 3333, -x + v + m = -2*v. Is x prime?
False
Suppose 2*j = -3*s + 2989, -3*j + 4503 = -0*j - 2*s. Suppose -2*y = -j + 121. Is y prime?
False
Let w be 9/12*(0 - -508). Let s = w - 222. Is s composite?
True
Let u(a) = a + 223. Let r be (0 - 5)/5 - -1. Is u(r) prime?
True
Let j(h) = 26*h**2 - 41*h - 50. Is j(9) prime?
False
Suppose -16*s = -15*s - 5639. Is s prime?
True
Suppose 0 = 3*i - 2*s + 314, 5 = 3*s - 4*s. Let q = 235 + i. Is q prime?
True
Suppose -429*m - 24011 = -430*m. Is m composite?
True
Let o = 12490 + -1125. Suppose 8*l = o - 21. Is l composite?
True
Let v be 7/(-2 - 3 - -4). Let r(g) = -191*g + 26. Is r(v) a prime number?
False
Let o = -1312 - -2449. Let d = o + -764. Is d composite?
False
Let y(d) = 735*d**2 - 2*d - 23. Let o be y(-6). Suppose 4*b + k = 35278, 0 = -3*b + 3*k + k + o. Is b prime?
True
Let u be -2*(1 - (-10)/(-4)). Suppose 7*s - 3*z - 2997 = u*s, z - 5 = 0. Is s a prime number?
False
Let i = -18 - -20. Let t be (-6)/(-2) - (-3 + i). Suppose r + 2667 = t*r. Is r composite?
True
Let b = 16281 + -5467. Is b prime?
False
Suppose 0 = -18*v + 17*v - 136. Let t = 225 + v. Is t composite?
False
Let n = 149 - -214. Suppose -s - 77 = 4*x, -s + n = -5*s - 5*x. Let q = s + 770. Is q a composite number?
False
Suppose -5*j + 18 = -3*j. Suppose -3*b = -6*b + j. Suppose 265 - 10 = b*x. Is x a prime number?
False
Let y(x) be the second derivative of 12*x**3 - 3*x**2/2 + 5*x. Is y(11) prime?
False
Let x(t) = t**3 + 9*t**2 - 10*t + 3. Let g be x(-10). Let a(v) = -1 + 2 - 30*v - 3 - g. Is a(-2) a prime number?
False
Let k(c) = -216*c - 173. Is k(-40) a composite number?
False
Suppose -10*g + 19 + 21 = 0. Is ((-5)/(10/g))/(18/(-1665)) prime?
False
Suppose -7*u - 94025 = -5*m - 2*u, 0 = -4*m + 3*u + 75220. Is m composite?
True
Suppose -5*p + l = -17930, 25*l + 14338 = 4*p + 23*l. Is p a prime number?
False
Suppose -4*j - 5564 = -24448. Is j a composite number?
False
Let q be 4/(16/(-3)) + 20744/(-32). Let l = 1322 + q. Is l composite?
False
Suppose 0 = y - 6 + 4. Suppose 0 = -y*p - 2*f + 30, -6*p = -4*p - 3*f - 5. Suppose -638 = -p*c + 8*c. Is c a composite number?
True
Let i(q) be the second derivative of -14*q**5/5 - q**4/12 - q**3/6 + q**2/2 - 27*q. Is i(-3) composite?
True
Let i(p) = -62*p - 73. Is i(-33) a composite number?
False
Suppose -4*w = t + w - 3, -w = -3*t - 39. Let f = -9 - t. Suppose -4*l + 3*i = -752, l + f*i = -i + 207. Is l a composite number?
False
Let x(v) = 375*v - 196. Is x(10) prime?
False
Let t = -78277 - -122030. Is t a composite number?
False
Let o(g) = 256*g + 5. Suppose -3*a + 2*b + 6 = -b, -6 = -3*a - 4*b. Is o(a) composite?
True
Let s = -550 - -1048. Suppose 3*c - s = -3*c. Is c prime?
True
Let u = 8 - 6. Let k be -5 + (3/9)/((-4)/(-96)). Suppose -l = -w - 291, u*w + w - 897 = -k*l. Is l a composite number?
True
Let d(j) = 1484*j - 46. Let g(r) = 297*r - 9. Let v(t) = -3*d(t) + 16*g(t). Let q be v(2). Suppose -2*m - 5*c + 163 = 0, 5*m + 158 = -3*c + q. Is m composite?
False
Suppose -w - 4 = -11. Suppose -5*s = -w*s + 48. Is (s/16)/(3/158) prime?
True
Suppose 0 = -r - 8 + 27. Suppose 4*t = 187 - 27. Let b = r + t. Is b prime?
True
Suppose -4*u = -j + 180, 4*j - u - 704 - 1 = 0. Let x = j - -27. Suppose 8*f = 7*f + x. Is f prime?
False
Let p(u) = -u**2 - 10*u - 7. Suppose 0 = 5*t + 50 - 5. Let d be p(t). Suppose -d*f - 4*o = -98, f - 70 + 15 = 4*o. Is f composite?
True
Is 24/((-24)/(-3)) + (0 - -188) a prime number?
True
Is (-2 + (-121)/(-44))*20248/3 a composite number?
True
Suppose -15*o + 20*o = 21955. Is o composite?
False
Let q = 127 + -180. Let a = q - 257. Is (a/(-30))/(1/33) composite?
True
Suppose 1466*d = 1458*d + 54424. Is d composite?
False
Let w = 22 + -18. Suppose 5*y + w*z - 2*z = 655, -4*z - 20 = 0. Is y a prime number?
False
Let h = 34009 + -52244. Is (-6)/(-9) - h/21 a prime number?
False
Let f(o) = 3*o - 7. Let b = 5 - -5. Let y be f(b). Is 80/8*y/2 a prime number?
False
Let l(t) = -t**3 + 5*t**2 - 3*t + 1. Let a be l(4). Suppose 0 = -4*p - a*b + 568, b + 284 = 2*p - 0*p. Suppose 0 = 2*q - 0*q - p. Is q composite?
False
Suppose 0 = 7*c - 33169 - 27409. Is c a prime number?
False
Suppose -117*x - 3*h = -118*x + 4040, -4*h = 4*x - 16208. Is x a composite number?
False
Suppose -2*p = -4*k - 16518, 6*p - 5*p + 3*k - 8269 = 0. Is p composite?
False
Let v(o) = -6*o**3 - o**2 + o + 1. Let h be v(-1). Let j be 4/10 + (-32)/h. Let d(b) = -7*b + 11. Is d(j) a composite number?
False
Let d = 509 - 294. Is d a prime number?
False
Let k = -10 + 13. Let j be 1/(4 - k)*827. Suppose -117 + j = 2*f. Is f a prime number?
False
Suppose -5*i - 7*z = -9*z - 49829, -i + 9958 = -3*z. Is i a composite number?
False
Suppose -2*p + 4 = -0. Suppose -5*q + p*h = 5*h - 3184, -h = q - 638. Is q a prime number?
False
Let c = 1679 + -1069. Suppose -5*z + c = -0*z. Let d = 441 - z. Is d composite?
True
Suppose -w + 24 = 5*c, 0 = -5*c + 3*c + 4*w + 14. Suppose c*k = 9*k - 7876. Is k prime?
False
Let o be ((-16)/(-4) - 7) + 18/2. Is -2 + o/4 + (-2938)/(-4) prime?
False
Suppose -2*c - 5*s = -3*s - 1340, -s + 1342 = 2*c. Suppose -c = -4*m - 5*o, 503 = 3*m - 4*o + 8*o. Suppose -4*r + m = -135. Is r prime?
False
Suppose 5*j - 40 - 85 = 0. Suppose 0 = 5*g - j, -g - 37 = -4*m - 2*g. Is ((-885)/(-60))/(2/m) composite?
False
Let u(m) = -m**2 - 23*m + 4. Let r be u(-21). Suppose -4*v + 846 = -a, -r = v + 2*a - 253. Is v composite?
False
Let i = -1341 - -2534. Is i prime?
True
Let o = 126 + -126. Is o - 181*-6 - (-1 - -5) a composite number?
True
Suppose -500 = 5*m - 1755. Is m a prime number?
True
Let d(p) = 35*p**2 + 33*p - 21. Is d(4) prime?
False
Suppose 0 = 2*g - 5*d - 19179, -5 = -0*d + 5*d. Is g prime?
True
Let j(n) = n. Let k(o) = 136*o + 5. Let w(v) = -6*j(v) - k(v). Let u be w(-2). Let g = u + -168. Is g a prime number?
False
Let z be 1*((-32)/(-10) + 1/(-5)). Suppose z*x + 2*b - 65 = 0, 5*x - 125 = -0*b + 5*b. Is x a composite number?
False
Let j = 4033 - 492. Is j a prime number?
True
Suppose -38305 = -27*c - 532. Is c a composite number?
False
Let c = 26 + -47. Let l = -37 - c. Let 